 prime factors of 35690?
2, 5, 43, 83
What are the prime factors of 85783?
109, 787
What are the prime factors of 36197?
7, 5171
What are the prime factors of 4948?
2, 1237
List the prime factors of 302.
2, 151
What are the prime factors of 62213?
62213
What are the prime factors of 2016?
2, 3, 7
What are the prime factors of 131?
131
List the prime factors of 2214.
2, 3, 41
List the prime factors of 103347.
3, 11483
What are the prime factors of 76095?
3, 5, 19, 89
List the prime factors of 41415.
3, 5, 11, 251
List the prime factors of 1300.
2, 5, 13
What are the prime factors of 4114?
2, 11, 17
What are the prime factors of 11677?
11677
What are the prime factors of 1416?
2, 3, 59
List the prime factors of 10497.
3, 3499
What are the prime factors of 118891?
118891
What are the prime factors of 126264?
2, 3, 5261
List the prime factors of 4013.
4013
List the prime factors of 946.
2, 11, 43
What are the prime factors of 58?
2, 29
List the prime factors of 57797.
29, 1993
List the prime factors of 1610.
2, 5, 7, 23
What are the prime factors of 750?
2, 3, 5
What are the prime factors of 622?
2, 311
What are the prime factors of 45?
3, 5
List the prime factors of 287.
7, 41
List the prime factors of 2557.
2557
List the prime factors of 19531.
19531
List the prime factors of 37.
37
What are the prime factors of 1085?
5, 7, 31
What are the prime factors of 166431?
3, 29, 1913
What are the prime factors of 471?
3, 157
What are the prime factors of 14103?
3, 1567
What are the prime factors of 36831?
3, 12277
What are the prime factors of 76093?
47, 1619
List the prime factors of 73.
73
What are the prime factors of 2626?
2, 13, 101
List the prime factors of 86617.
37, 2341
What are the prime factors of 14364?
2, 3, 7, 19
What are the prime factors of 4279?
11, 389
What are the prime factors of 124?
2, 31
List the prime factors of 943.
23, 41
What are the prime factors of 95861?
257, 373
What are the prime factors of 23552?
2, 23
What are the prime factors of 3168?
2, 3, 11
What are the prime factors of 68193?
3, 7577
List the prime factors of 5270.
2, 5, 17, 31
What are the prime factors of 96303?
3, 47, 683
List the prime factors of 819.
3, 7, 13
What are the prime factors of 103359?
3, 131, 263
What are the prime factors of 11795?
5, 7, 337
List the prime factors of 9521.
9521
List the prime factors of 107.
107
What are the prime factors of 2776?
2, 347
List the prime factors of 34290.
2, 3, 5, 127
What are the prime factors of 91220?
2, 5, 4561
What are the prime factors of 50658?
2, 3, 8443
What are the prime factors of 69468?
2, 3, 7, 827
List the prime factors of 971.
971
List the prime factors of 1307.
1307
What are the prime factors of 137758?
2, 68879
What are the prime factors of 15426?
2, 3, 857
List the prime factors of 28734.
2, 3, 4789
List the prime factors of 12859.
7, 11, 167
List the prime factors of 21076.
2, 11, 479
What are the prime factors of 170294?
2, 85147
List the prime factors of 20561.
29, 709
What are the prime factors of 31037?
41, 757
What are the prime factors of 4329?
3, 13, 37
List the prime factors of 20868.
2, 3, 37, 47
What are the prime factors of 2096?
2, 131
List the prime factors of 3576.
2, 3, 149
List the prime factors of 130728.
2, 3, 13, 419
List the prime factors of 5948.
2, 1487
What are the prime factors of 4091?
4091
List the prime factors of 1333.
31, 43
List the prime factors of 83404.
2, 29, 719
What are the prime factors of 602?
2, 7, 43
What are the prime factors of 1122?
2, 3, 11, 17
List the prime factors of 77905.
5, 15581
What are the prime factors of 82368?
2, 3, 11, 13
What are the prime factors of 6433?
7, 919
What are the prime factors of 6609?
3, 2203
List the prime factors of 485.
5, 97
List the prime factors of 50771.
7, 7253
What are the prime factors of 60655?
5, 7, 1733
What are the prime factors of 12798?
2, 3, 79
What are the prime factors of 47770?
2, 5, 17, 281
List the prime factors of 7389.
3, 821
List the prime factors of 26630.
2, 5, 2663
What are the prime factors of 3444?
2, 3, 7, 41
List the prime factors of 36758.
2, 18379
What are the prime factors of 1736?
2, 7, 31
What are the prime factors of 1233?
3, 137
List the prime factors of 28943.
103, 281
List the prime factors of 533.
13, 41
What are the prime factors of 8345?
5, 1669
What are the prime factors of 129200?
2, 5, 17, 19
List the prime factors of 884.
2, 13, 17
List the prime factors of 9.
3
What are the prime factors of 4670?
2, 5, 467
What are the prime factors of 42232?
2, 5279
List the prime factors of 53981.
23, 2347
List the prime factors of 271.
271
List the prime factors of 20311.
19, 1069
List the prime factors of 1781.
13, 137
List the prime factors of 997.
997
What are the prime factors of 3004?
2, 751
What are the prime factors of 5699?
41, 139
What are the prime factors of 3317?
31, 107
What are the prime factors of 30099?
3, 79, 127
List the prime factors of 7198.
2, 59, 61
List the prime factors of 1060.
2, 5, 53
List the prime factors of 19165.
5, 3833
List the prime factors of 25748.
2, 41, 157
What are the prime factors of 1888?
2, 59
What are the prime factors of 92601?
3, 10289
List the prime factors of 1311.
3, 19, 23
What are the prime factors of 35189?
7, 11, 457
What are the prime factors of 1107?
3, 41
What are the prime factors of 119657?
119657
What are the prime factors of 11575?
5, 463
What are the prime factors of 110634?
2, 3, 18439
List the prime factors of 6503.
7, 929
What are the prime factors of 9833?
9833
What are the prime factors of 13574?
2, 11, 617
List the prime factors of 1709.
1709
What are the prime factors of 463?
463
What are the prime factors of 70297?
70297
What are the prime factors of 2894?
2, 1447
What are the prime factors of 77703?
3, 59, 439
What are the prime factors of 5271?
3, 7, 251
What are the prime factors of 1301?
1301
What are the prime factors of 1736?
2, 7, 31
List the prime factors of 1019.
1019
What are the prime factors of 352?
2, 11
What are the prime factors of 945?
3, 5, 7
List the prime factors of 183.
3, 61
What are the prime factors of 37013?
37013
List the prime factors of 64.
2
What are the prime factors of 884?
2, 13, 17
What are the prime factors of 58783?
29, 2027
What are the prime factors of 8620?
2, 5, 431
List the prime factors of 56728.
2, 7, 1013
What are the prime factors of 28785?
3, 5, 19, 101
List the prime factors of 4151.
7, 593
List the prime factors of 1168.
2, 73
List the prime factors of 73369.
73369
What are the prime factors of 21623?
7, 3089
What are the prime factors of 19150?
2, 5, 383
List the prime factors of 1144.
2, 11, 13
List the prime factors of 2275.
5, 7, 13
What are the prime factors of 275?
5, 11
What are the prime factors of 9842?
2, 7, 19, 37
What are the prime factors of 105568?
2, 3299
List the prime factors of 10527.
3, 11, 29
What are the prime factors of 1522?
2, 761
List the prime factors of 33409.
33409
What are the prime factors of 85201?
85201
List the prime factors of 21117.
3, 7039
List the prime factors of 2843.
2843
What are the prime factors of 10452?
2, 3, 13, 67
What are the prime factors of 5740?
2, 5, 7, 41
List the prime factors of 5423.
11, 17, 29
List the prime factors of 6061.
11, 19, 29
What are the prime factors of 17437?
7, 47, 53
List the prime factors of 667.
23, 29
What are the prime factors of 14054?
2, 7027
List the prime factors of 942.
2, 3, 157
List the prime factors of 8907.
3, 2969
What are the prime factors of 145?
5, 29
What are the prime factors of 2171?
13, 167
What are the prime factors of 6122?
2, 3061
List the prime factors of 82986.
2, 3, 13831
What are the prime factors of 1098?
2, 3, 61
List the prime factors of 63653.
53, 1201
What are the prime factors of 1286?
2, 643
What are the prime factors of 37793?
7, 5399
List the prime factors of 3447.
3, 383
What are the prime factors of 8604?
2, 3, 239
List the prime factors of 23890.
2, 5, 2389
What are the prime factors of 3618?
2, 3, 67
List the prime factors of 4694.
2, 2347
List the prime factors of 12113.
12113
List the prime factors of 2035.
5, 11, 37
What are the prime factors of 26855?
5, 41, 131
List the prime factors of 1319.
1319
What are the prime factors of 20717?
20717
What are the prime